of h.
2, 197
Suppose -7*s + 1343 = -421. List the prime factors of s.
2, 3, 7
Let h be -2*(-3 + (-22)/(-4)). What are the prime factors of h/(-20) - (3 + 974/(-8))?
7, 17
Let u be (2 - -1)/(30/20). Suppose 4 + 94 = u*x. List the prime factors of x.
7
Let l(m) = 6*m**2 + 4*m + 7. Let p = 41 + -38. List the prime factors of l(p).
73
Suppose r - 2*r - 3*t = -4, 0 = 4*r - 3*t - 16. Suppose -r*h = -5*h + 50. List the prime factors of h.
2, 5
Let c = -628 - -1512. What are the prime factors of (-1 - c/(-16)) + (-3)/12?
2, 3
Suppose -y + p + 613 = 0, 101*y - 2448 = 97*y + 5*p. List the prime factors of y.
617
Suppose u - 36*u + 42035 = 0. List the prime factors of u.
1201
Suppose 2*t + 4*p - 8*p = 216, p + 107 = t. List the prime factors of t.
2, 53
Let b = -81 - -671. What are the prime factors of b?
2, 5, 59
Let v be 1*(3/(-3) + 4). Let m(i) = 11*i**2 - i**v + 0*i**2 - 2*i**2 + i**2 + 2*i - 2. What are the prime factors of m(10)?
2, 3
What are the prime factors of (28630/(-40) + 1)/((-3)/8)?
2, 953
Let n = 10712 + -7559. What are the prime factors of n?
3, 1051
Let k = 12 + -22. Let r be 50/15*(-12)/k. Suppose -36 = r*g - 340. What are the prime factors of g?
2, 19
Suppose 23519 = 18*r - 3571. What are the prime factors of r?
5, 7, 43
Let o be 6*(-5)/4*4/(-6). What are the prime factors of (-4104)/(-26) - (o - 134/26)?
2, 79
Suppose -c - f + 143 = -3*f, -3*c = 4*f - 419. Suppose 6*b = 4*b, -v - 3*b = -c. List the prime factors of v.
3, 47
What are the prime factors of (-270)/40*112/(-12)?
3, 7
Suppose 5*n = -3*r - 8 + 1, 0 = 4*r - 3*n + 19. Let q be r - -5 - (-4 - -1). Suppose 288 = 4*h + 4*x, 5*x - 218 = -q*h + h. List the prime factors of h.
71
Let b(h) = -h. Let d be b(6). Let z = d + -2. What are the prime factors of (-150)/z - 4/(-16)?
19
Suppose -4*u - 3*z + 9659 = 2*z, 0 = -12*z - 12. List the prime factors of u.
2, 151
Let l(h) = -5*h**3 - h. Let q be l(-1). Suppose -q*s = -s. Suppose s = -0*x + 5*x - 75. List the prime factors of x.
3, 5
Suppose 5*b - 74 = 26. Let u = b + -16. Suppose 0 = -u*y + 10 + 10. List the prime factors of y.
5
Let p = -874 - -1786. List the prime factors of p.
2, 3, 19
Suppose 0 = 5*u, 4*u - 360 = -4*o + o. What are the prime factors of o?
2, 3, 5
Let c(k) be the third derivative of k**5/20 - 7*k**4/24 - k**3 + k**2. List the prime factors of c(-4).
2, 5, 7
Suppose -4*i + 3718 = -3*n, 3*i = -11*n + 10*n + 2782. What are the prime factors of i?
2, 29
Suppose 21*g - 20*g + 19 = 0. What are the prime factors of 1750/8 - g/76?
3, 73
Let c(v) = v**3 - 5*v**2 - 3*v - 13. Let l be c(6). Suppose -3*u = -2*t - 173, u - 240 = -3*u + l*t. What are the prime factors of u?
5, 11
Let o(x) = 897*x**2 + 4*x - 2. List the prime factors of o(1).
29, 31
What are the prime factors of (-24)/168 - (-2550)/14?
2, 7, 13
Let b be (-36)/24*(-1 - 10/6). Suppose -166 = -b*c + 246. List the prime factors of c.
103
Let t(f) = 13*f - 30. Let q(a) = -a**2 + 11*a - 14. Let s be q(8). What are the prime factors of t(s)?
2, 5
Let w(r) = -3*r + 2. Let x be w(-6). Let i = x - -4. Let c = 38 - i. List the prime factors of c.
2, 7
Let m(r) = r**2 - 14*r - 34. Let o be m(16). List the prime factors of (14*15/(-20))/(o/24).
2, 3, 7
Suppose 0 = -2*o + 11 + 53. Suppose 3*h = o - 11. List the prime factors of h.
7
Let h(g) = -g**3 + 6*g**2 - 3*g - 6. Suppose 0 = 2*n - 1 + 5, 3 = l + n. Suppose 0*d + 3*m = -3*d + 9, -l*m = -3*d + 17. List the prime factors of h(d).
2, 7
Let j(v) = v**3 + 8*v**2 - 10*v - 11. Let i be j(-9). Let x be (i + -6)*105/20. Let s = -15 - x. List the prime factors of s.
3
Suppose -2*w - 4*u + 8 = 0, -5*u + 4 = -3*w - 28. List the prime factors of (-48)/36*66/w.
2, 11
Let t(n) = -64 + 33 - 13*n + 32 - 68*n. List the prime factors of t(-1).
2, 41
Let r be 2/(-19) + (-80)/(-38). What are the prime factors of -3 - (7 + -10)*44/r?
3, 7
Let n be 57/12 + (-6)/(-24). Suppose 2*x = n*x. Suppose 5*h - 100 = l, x = -4*h - 3*l + 32 + 67. What are the prime factors of h?
3, 7
Suppose -5*o + 5663 = -2*j, 3*j = -4*o + o + 3381. What are the prime factors of o?
3, 13, 29
Let u(l) = 3*l - 12. Let k be u(14). Let x = 6 + -4. Suppose -x*w - k = -4*w. List the prime factors of w.
3, 5
Let h(f) = 64*f**2 - 1. Let m be h(-1). Suppose -m = -4*y - 7. List the prime factors of y.
2, 7
Suppose 5*i - 5*m - 30 = 0, i = 2*m - 5*m - 2. Suppose -i*v = -6*v + 114. What are the prime factors of v?
3, 19
Let o(k) = 6*k + 25. Let x be o(-3). Suppose x*p - 785 = 314. What are the prime factors of p?
157
Let k(r) = -r. Let m be k(4). List the prime factors of -1 - m - (-179 + 0 - -3).
179
Let j(v) = -12*v + 3. What are the prime factors of j(-28)?
3, 113
Let j be 5/(-2)*24/12. Let f(g) = -g - 1. Let i(v) = v**3 + 6*v**2 + 4*v + 3. Let y(p) = 3*f(p) + i(p). What are the prime factors of y(j)?
2, 5
Let y = 35 + -20. What are the prime factors of -5*((-261)/y - -2)?
7, 11
Let t = -52 + 62. Suppose t*w + 428 = 1878. List the prime factors of w.
5, 29
Let f(w) be the third derivative of -w**6/60 + 19*w**5/60 - 7*w**4/24 + 13*w**3/6 + 18*w**2. What are the prime factors of f(8)?
149
Let b(t) = -363*t + 248. List the prime factors of b(-5).
2063
Suppose -4*t + 3 = -9. Suppose -68 = -3*q + 3*z + 265, t*z - 247 = -2*q. Let x = q - 62. What are the prime factors of x?
2, 3
Suppose -2*y - 5*g + 9 = 0, 7*g = -4*y + 6*g + 63. What are the prime factors of y?
17
Suppose 2*v - 551 + 36 = -3*o, -692 = -4*o - 4*v. Let w = 118 - o. Let h = w + 86. List the prime factors of h.
5, 7
Let x(k) = -7 + 5*k**2 + 13 + 4*k - 8. What are the prime factors of x(6)?
2, 101
Let y be 78/8 + (-4)/(1*-16). Let q(l) = -l**2 + 24*l - 24. What are the prime factors of q(y)?
2, 29
Suppose 0 = -15*o + 5628 + 10722. What are the prime factors of o?
2, 5, 109
Let f = -116 + 134. Let t = 293 - f. List the prime factors of t.
5, 11
Let h(l) = l**3 - l**2 - 4*l + 4. Let s be h(2). Suppose 4*i = 3*y - 189, -5*i + 63 = y - s*i. List the prime factors of y.
3, 7
Let u be -2*(-2)/(8/10). Let m be (-233)/(-8) - (-1)/(-8). Let o = u + m. List the prime factors of o.
2, 17
Suppose i = 2*i - 20. Let m = i + -1. Suppose -j + 27 = v, 0*v = j - v - m. What are the prime factors of j?
23
Suppose 0 = 3*f - u - 16, -21 = -5*f + 4*u + 8. Let d = f + -5. Suppose 4*s - 7*s + 78 = d. What are the prime factors of s?
2, 13
Let i(y) = -y**3 + 11*y**2 + 8*y + 4. Let u(b) = 2*b**3 - 9*b**2 - 3*b. Let s be u(5). What are the prime factors of i(s)?
2, 23
Let q = -55 + 59. What are the prime factors of (50 + -20)/(q/18)?
3, 5
Let f be (1*(-54)/(-21))/(12/56). Let k = 198 - f. List the prime factors of k.
2, 3, 31
What are the prime factors of (737 - 2)*((-48)/(-10) + -4)?
2, 3, 7
Let r(n) = n + 115. Let z be r(0). Suppose 2*c - z = -17. What are the prime factors of ((-42)/c)/((-1)/14)?
2, 3
Let l = -2614 - -3888. List the prime factors of l.
2, 7, 13
Let q(i) = 9*i**2 + 4*i - 7. What are the prime factors of q(6)?
11, 31
Suppose -1 = -k + 3*j - 0*j, -5*j = 4*k + 30. Let u = -55 - k. List the prime factors of ((-120)/u)/((-1)/(-5)).
2, 3
Suppose -3*b + 10*b + 16065 = 0. List the prime factors of 2*(b/(-10))/9.
3, 17
List the prime factors of 6772/6 - ((-578)/51 + 12).
2, 3, 47
Let d(m) = 11*m**2 + 9*m - 5. Let u(x) = 5*x**2 + 4*x - 3. Let p(s) = -2*d(s) + 5*u(s). List the prime factors of p(2).
11
Let c(z) be the third derivative of z**4/12 - 2*z**3/3 - 10*z**2. What are the prime factors of c(9)?
2, 7
Let y(k) = -k**3 - 5*k**2 + 6*k - 52. What are the prime factors of y(-10)?
2, 97
Let m(g) = 7*g**2 + 4 + 9*g**3 - 12 - 18*g**3 + 3*g + 10*g**3. What are the prime factors of m(-5)?
3
Suppose 2 = 2*q + 2*r - 0, 0 = 4*r - 12. Let n(k) = k**2 + 4*k - 6. Let g be n(-5). List the prime factors of 4*(q - 9)/g.
2, 11
Let m(l) be the first derivative of l**3 + 2*l**2 + 11*l - 3. List the prime factors of m(-6).
5, 19
List the prime factors of -36*-147*(-4 + (-14)/(-3)).
2, 3, 7
Let p = -27 + 32. Suppose p*c - 1 = -w - 0, -51 = -5*w - 2*c. What are the prime factors of w?
11
What are the prime factors of (194/291)/(81408/(-40707) - -2)?
4523
Let k be 22/(-6) - ((-176)/(-24) + -7). List the prime factors of 1/((-2)/(-1)) - 446/k.
2, 7
Suppose 0*x = x - 5*t - 17, 0 = -5*x - t + 7. Suppose x*o - 34 = o. What are the prime factors of o?
2, 17
Suppo